ite?
False
Is 730091 a prime number?
True
Is 1985 prime?
False
Is 2897 composite?
False
Is 58363 a composite number?
False
Is 14971 a composite number?
True
Is 11851 a composite number?
True
Is 4661 a composite number?
True
Is 1015667 a prime number?
False
Is 11617 a prime number?
True
Is 3659 a composite number?
False
Is 67819 composite?
False
Is 1144331 composite?
True
Is 1809601 a composite number?
False
Is 464741 composite?
False
Is 587 a composite number?
False
Is 35569 a prime number?
True
Is 1812479 a composite number?
True
Is 1023911 a composite number?
True
Is 169178 a composite number?
True
Is 2525351 a prime number?
True
Is 1189 a composite number?
True
Is 579673 composite?
False
Is 70667 a composite number?
False
Is 303447 composite?
True
Is 10727 a composite number?
True
Is 40791 prime?
False
Is 14165 prime?
False
Is 37771 prime?
False
Is 257 prime?
True
Is 491297 prime?
True
Is 3252309 composite?
True
Is 1651 prime?
False
Is 12199 composite?
True
Is 127349 prime?
False
Is 1363511 a prime number?
True
Is 799853 a composite number?
False
Is 1011583 a composite number?
False
Is 6823 a prime number?
True
Is 217901 composite?
False
Is 5141 composite?
True
Is 140953 prime?
False
Is 796547 composite?
True
Is 233069 prime?
True
Is 1874921 composite?
False
Is 122147 a composite number?
False
Is 1024511 composite?
False
Is 22749 a composite number?
True
Is 54463 composite?
True
Is 58493 a composite number?
True
Is 3493 a prime number?
False
Is 29485 a prime number?
False
Is 3277 a composite number?
True
Is 16279 composite?
True
Is 1031027 prime?
False
Is 14165 prime?
False
Is 60101 a prime number?
True
Is 178993 a composite number?
True
Is 760171 prime?
False
Is 5909879 a prime number?
True
Is 2364743 a prime number?
True
Is 133541 prime?
True
Is 175679 composite?
True
Is 3353 prime?
False
Is 28471 prime?
False
Is 25811 composite?
True
Is 242863 a composite number?
False
Is 19697 a composite number?
False
Is 73939 a prime number?
True
Is 1005983 a composite number?
True
Is 169567 a composite number?
False
Is 22318 a prime number?
False
Is 38473 composite?
True
Is 26921 a prime number?
True
Is 88547 prime?
True
Is 1397 prime?
False
Is 29654 a prime number?
False
Is 26333 a prime number?
False
Is 244687 composite?
False
Is 190477 a prime number?
False
Is 83989 a prime number?
False
Is 161737 prime?
False
Is 991091 a composite number?
False
Is 229343 composite?
False
Is 30737 prime?
False
Is 29067 a prime number?
False
Is 24317 a composite number?
False
Is 102379 a composite number?
True
Is 13249 prime?
True
Is 6509 a composite number?
True
Is 39826 prime?
False
Is 3463 a prime number?
True
Is 5759 composite?
True
Is 37097 a prime number?
True
Is 16997 composite?
True
Is 174733 a composite number?
True
Is 220921 prime?
False
Is 36415 a composite number?
True
Is 1500181 a prime number?
True
Is 11721 prime?
False
Is 87 a prime number?
False
Is 1101 prime?
False
Is 109807 composite?
False
Is 165629 prime?
False
Is 72613 a composite number?
False
Is 16574 prime?
False
Is 152227 a prime number?
False
Is 188107 a composite number?
False
Is 18041 composite?
False
Is 111794 prime?
False
Is 7841 a composite number?
False
Is 3793 a composite number?
False
Is 139037 a prime number?
False
Is 189127 prime?
True
Is 280523 prime?
False
Is 1396477 a prime number?
False
Is 18787 prime?
True
Is 470861 prime?
False
Is 4453 prime?
False
Is 557009 composite?
True
Is 95061 composite?
True
Is 27718 a prime number?
False
Is 32897 composite?
True
Is 305 a composite number?
True
Is 5623 composite?
False
Is 24697 a composite number?
False
Is 141077 a composite number?
True
Is 76971 prime?
False
Is 4201 a composite number?
False
Is 750509 a composite number?
False
Is 17827 composite?
False
Is 22189 a composite number?
False
Is 157951 a prime number?
True
Is 9199 a composite number?
False
Is 6931 prime?
False
Is 9469 a prime number?
False
Is 171343 prime?
False
Is 619963 prime?
False
Is 70559 a composite number?
True
Is 588871 a composite number?
False
Is 7753 a composite number?
False
Is 21391 a composite number?
False
Is 54658 prime?
False
Is 9031 composite?
True
Is 8639 a composite number?
True
Is 7939 a composite number?
True
Is 31643 prime?
True
Is 727165 prime?
False
Is 133403 a prime number?
True
Is 181247 a composite number?
True
Is 181223 a prime number?
False
Is 70591 prime?
False
Is 90929 composite?
True
Is 1571 prime?
True
Is 589 prime?
False
Is 119459 a prime number?
False
Is 573671 composite?
True
Is 21005 a composite number?
True
Is 8737 a prime number?
True
Is 18787 a prime number?
True
Is 72433 a composite number?
True
Is 803203 a prime number?
False
Is 7 a composite number?
False
Is 182809 composite?
True
Is 32843 prime?
True
Is 7311099 composite?
True
Is 161021 a composite number?
True
Is 436147 composite?
False
Is 679513 a prime number?
False
Is 233141 a prime number?
True
Is 4621 a composite number?
False
Is 2757206 a prime number?
False
Is 51859 composite?
False
Is 49291 a composite number?
True
Is 43699 prime?
False
Is 2018 a composite number?
True
Is 80429 a composite number?
False
Is 134497 a composite number?
True
Is 190511 prime?
False
Is 537067 composite?
False
Is 3643 prime?
True
Is 53167 a prime number?
False
Is 19563 composite?
True
Is 3037 composite?
False
Is 223781 a prime number?
True
Is 21919 composite?
True
Is 16847 composite?
True
Is 146603 prime?
True
Is 1901 prime?
True
Is 8767 a prime number?
False
Is 11579 prime?
True
Is 6341 a composite number?
True
Is 324157 a composite number?
True
Is 58651 prime?
False
Is 386773 a prime number?
False
Is 271003 a prime number?
True
Is 269017 composite?
True
Is 7559 prime?
True
Is 117143 prime?
False
Is 730667 prime?
False
Is 259271 a prime number?
True
Is 377213 a composite number?
True
Is 2953 a prime number?
True
Is 120113 a composite number?
True
Is 237673 a prime number?
True
Is 53023 a prime number?
False
Is 19049 composite?
True
Is 242087 a prime number?
False
Is 17077 a prime number?
True
Is 1862837 composite?
False
Is 48077 prime?
False
Is 81941 prime?
False
Is 26097 a composite number?
True
Is 2151391 composite?
True
Is 17359 a composite number?
False
Is 11405 a prime number?
False
Is 16301 a prime number?
True
Is 1651 a composite number?
True
Is 19693 a prime number?
False
Is 1556791 composite?
False
Is 32177 a composite number?
True
Is 89909 a prime number?
True
Is 818 a composite number?
True
Is 7853 a composite number?
False
Is 432053 prime?
True
Is 76747 a composite number?
True
Is 9169 a composite number?
True
Is 3797 prime?
True
Is 103079 a prime number?
True
Is 134471 prime?
True
Is 168793 composite?
True
Is 88277 composite?
True
Is 1384742 a composite number?
True
Is 861997 a prime number?
True
Is 10831 prime?
True
Is 116639 prime?
True
Is 16181 composite?
True
Is 439366 a prime number?
False
Is 197479 composite?
False
Is 74959 a composite number?
False
Is 50849 a composite number?
False
Is 51785 composite?
True
Is 168433 a prime number?
True
Is 1347 a composite number?
True
Is 518113 prime?
True
Is 201007 a prime number?
True
Is 1141 a prime number?
False
Is 317795 composite?
True
Is 34495 composite?
True
Is 47999 a prime number?
False
Is 115421 a prime number?
True
Is 205229 prime?
False
Is 59233 a prime number?
True
Is 183247 a composite number?
False
Is 3847 composite?
False
Is 412067 a prime number?
True
Is 48017 prime?
True
Is 241169 prime?
True
Is 47539 prime?
False
Is 453106 prime?
False
Is 57935 prime?
False
Is 183553 a prime number?
False
Is 5347 composite?
False
Is 763157 a composite number?
False
Is 45383 prime?
False
Is 25561 prime?
True
Is 216833 composite?
True
Is 40009 prime?
True
Is 55789 composite?
True
Is 26045 a prime number?
False
Is 629609 a composite number?
False
Is 171311 composite?
True
Is 1688231 prime?
True
Is 75269 composite?
False
Is 24901 prime?
False
Is 21653 composite?
True
Is 2839451 a composite number?
False
Is 27613 prime?
False
Is 141173 composite?
True
Is 49857 prime?
False
Is 145619 prime?
False
Is 504967 prime?
True
Is 78079 prime?
True
Is 179831 prime?
False
Is 1543 prime?
True
Is 26963 a composite number?
True
Is 44627 prime?
False
Is 73985 a composite number?
True
Is 30541 prime?
False
Is 47935 composite?
True
Is 48041 a composit